{"id":1027,"date":"2024-10-09T14:31:44","date_gmt":"2024-10-09T12:31:44","guid":{"rendered":"https:\/\/poleasingowe.pl\/blog\/autotesto\/"},"modified":"2024-10-09T16:17:47","modified_gmt":"2024-10-09T14:17:47","slug":"autotesto","status":"publish","type":"page","link":"https:\/\/poleasingowe.pl\/blog\/autotesto\/","title":{"rendered":"Autotesto"},"content":{"rendered":"","protected":false},"excerpt":{"rendered":"","protected":false},"author":1,"featured_media":0,"parent":0,"menu_order":0,"comment_status":"close","ping_status":"close","template":"templates\/autotesto.php","meta":{"footnotes":""},"class_list":["post-1027","page","type-page","status-publish","hentry"],"yoast_head":"<!-- This site is optimized with the Yoast SEO Premium plugin v24.4 (Yoast SEO v24.4) - https:\/\/yoast.com\/wordpress\/plugins\/seo\/ -->\n<title>Autotesto - Blog Poleasingowe.pl<\/title>\n<meta name=\"robots\" content=\"index, follow, max-snippet:-1, max-image-preview:large, max-video-preview:-1\" \/>\n<link rel=\"canonical\" href=\"https:\/\/poleasingowe.pl\/blog\/autotesto\/\" \/>\n<meta property=\"og:locale\" content=\"pl_PL\" \/>\n<meta property=\"og:type\" content=\"article\" \/>\n<meta property=\"og:title\" content=\"Autotesto\" \/>\n<meta property=\"og:url\" content=\"https:\/\/poleasingowe.pl\/blog\/autotesto\/\" \/>\n<meta property=\"og:site_name\" content=\"Blog Poleasingowe.pl\" \/>\n<meta property=\"article:publisher\" content=\"https:\/\/www.facebook.com\/poleasingowepl\" \/>\n<meta property=\"article:modified_time\" content=\"2024-10-09T14:17:47+00:00\" \/>\n<meta name=\"twitter:card\" content=\"summary_large_image\" \/>\n<script type=\"application\/ld+json\" class=\"yoast-schema-graph\">{\"@context\":\"https:\/\/schema.org\",\"@graph\":[{\"@type\":\"WebPage\",\"@id\":\"https:\/\/poleasingowe.pl\/blog\/autotesto\/\",\"url\":\"https:\/\/poleasingowe.pl\/blog\/autotesto\/\",\"name\":\"Autotesto - Blog Poleasingowe.pl\",\"isPartOf\":{\"@id\":\"https:\/\/poleasingowe.pl\/blog\/#website\"},\"datePublished\":\"2024-10-09T12:31:44+00:00\",\"dateModified\":\"2024-10-09T14:17:47+00:00\",\"breadcrumb\":{\"@id\":\"https:\/\/poleasingowe.pl\/blog\/autotesto\/#breadcrumb\"},\"inLanguage\":\"pl-PL\",\"potentialAction\":[{\"@type\":\"ReadAction\",\"target\":[\"https:\/\/poleasingowe.pl\/blog\/autotesto\/\"]}]},{\"@type\":\"BreadcrumbList\",\"@id\":\"https:\/\/poleasingowe.pl\/blog\/autotesto\/#breadcrumb\",\"itemListElement\":[{\"@type\":\"ListItem\",\"position\":1,\"name\":\"Strona g\u0142\u00f3wna\",\"item\":\"https:\/\/poleasingowe.pl\/blog\/\"},{\"@type\":\"ListItem\",\"position\":2,\"name\":\"Autotesto\"}]},{\"@type\":\"WebSite\",\"@id\":\"https:\/\/poleasingowe.pl\/blog\/#website\",\"url\":\"https:\/\/poleasingowe.pl\/blog\/\",\"name\":\"Blog Poleasingowe.pl\",\"description\":\"Blog Poleasingowe.pl\",\"publisher\":{\"@id\":\"https:\/\/poleasingowe.pl\/blog\/#organization\"},\"potentialAction\":[{\"@type\":\"SearchAction\",\"target\":{\"@type\":\"EntryPoint\",\"urlTemplate\":\"https:\/\/poleasingowe.pl\/blog\/?s={search_term_string}\"},\"query-input\":{\"@type\":\"PropertyValueSpecification\",\"valueRequired\":true,\"valueName\":\"search_term_string\"}}],\"inLanguage\":\"pl-PL\"},{\"@type\":\"Organization\",\"@id\":\"https:\/\/poleasingowe.pl\/blog\/#organization\",\"name\":\"Blog Poleasingowe.pl\",\"url\":\"https:\/\/poleasingowe.pl\/blog\/\",\"logo\":{\"@type\":\"ImageObject\",\"inLanguage\":\"pl-PL\",\"@id\":\"https:\/\/poleasingowe.pl\/blog\/#\/schema\/logo\/image\/\",\"url\":\"https:\/\/poleasingowe.pl\/blog\/wp-content\/uploads\/2024\/11\/cropped-fav_red_white.png\",\"contentUrl\":\"https:\/\/poleasingowe.pl\/blog\/wp-content\/uploads\/2024\/11\/cropped-fav_red_white.png\",\"width\":512,\"height\":512,\"caption\":\"Blog Poleasingowe.pl\"},\"image\":{\"@id\":\"https:\/\/poleasingowe.pl\/blog\/#\/schema\/logo\/image\/\"},\"sameAs\":[\"https:\/\/www.facebook.com\/poleasingowepl\",\"https:\/\/www.linkedin.com\/showcase\/poleasingowepl\/\",\"https:\/\/www.instagram.com\/poleasingowe.pl\/\"]}]}<\/script>\n<!-- \/ Yoast SEO Premium plugin. -->","yoast_head_json":{"title":"Autotesto - Blog Poleasingowe.pl","robots":{"index":"index","follow":"follow","max-snippet":"max-snippet:-1","max-image-preview":"max-image-preview:large","max-video-preview":"max-video-preview:-1"},"canonical":"https:\/\/poleasingowe.pl\/blog\/autotesto\/","og_locale":"pl_PL","og_type":"article","og_title":"Autotesto","og_url":"https:\/\/poleasingowe.pl\/blog\/autotesto\/","og_site_name":"Blog Poleasingowe.pl","article_publisher":"https:\/\/www.facebook.com\/poleasingowepl","article_modified_time":"2024-10-09T14:17:47+00:00","twitter_card":"summary_large_image","schema":{"@context":"https:\/\/schema.org","@graph":[{"@type":"WebPage","@id":"https:\/\/poleasingowe.pl\/blog\/autotesto\/","url":"https:\/\/poleasingowe.pl\/blog\/autotesto\/","name":"Autotesto - Blog Poleasingowe.pl","isPartOf":{"@id":"https:\/\/poleasingowe.pl\/blog\/#website"},"datePublished":"2024-10-09T12:31:44+00:00","dateModified":"2024-10-09T14:17:47+00:00","breadcrumb":{"@id":"https:\/\/poleasingowe.pl\/blog\/autotesto\/#breadcrumb"},"inLanguage":"pl-PL","potentialAction":[{"@type":"ReadAction","target":["https:\/\/poleasingowe.pl\/blog\/autotesto\/"]}]},{"@type":"BreadcrumbList","@id":"https:\/\/poleasingowe.pl\/blog\/autotesto\/#breadcrumb","itemListElement":[{"@type":"ListItem","position":1,"name":"Strona g\u0142\u00f3wna","item":"https:\/\/poleasingowe.pl\/blog\/"},{"@type":"ListItem","position":2,"name":"Autotesto"}]},{"@type":"WebSite","@id":"https:\/\/poleasingowe.pl\/blog\/#website","url":"https:\/\/poleasingowe.pl\/blog\/","name":"Blog Poleasingowe.pl","description":"Blog Poleasingowe.pl","publisher":{"@id":"https:\/\/poleasingowe.pl\/blog\/#organization"},"potentialAction":[{"@type":"SearchAction","target":{"@type":"EntryPoint","urlTemplate":"https:\/\/poleasingowe.pl\/blog\/?s={search_term_string}"},"query-input":{"@type":"PropertyValueSpecification","valueRequired":true,"valueName":"search_term_string"}}],"inLanguage":"pl-PL"},{"@type":"Organization","@id":"https:\/\/poleasingowe.pl\/blog\/#organization","name":"Blog Poleasingowe.pl","url":"https:\/\/poleasingowe.pl\/blog\/","logo":{"@type":"ImageObject","inLanguage":"pl-PL","@id":"https:\/\/poleasingowe.pl\/blog\/#\/schema\/logo\/image\/","url":"https:\/\/poleasingowe.pl\/blog\/wp-content\/uploads\/2024\/11\/cropped-fav_red_white.png","contentUrl":"https:\/\/poleasingowe.pl\/blog\/wp-content\/uploads\/2024\/11\/cropped-fav_red_white.png","width":512,"height":512,"caption":"Blog Poleasingowe.pl"},"image":{"@id":"https:\/\/poleasingowe.pl\/blog\/#\/schema\/logo\/image\/"},"sameAs":["https:\/\/www.facebook.com\/poleasingowepl","https:\/\/www.linkedin.com\/showcase\/poleasingowepl\/","https:\/\/www.instagram.com\/poleasingowe.pl\/"]}]}},"meta_box":{"about_description_subheader":"","about_description_header":"","about_description_text_left":"","about_description_text_right":"","about_numbers_subheader":"","about_numbers_header":"","about_numbers_2":"","about_numbers_3":"","about_numbers_4":"","about_numbers_5":"","about_numbers_6":"","about_description_video":"","about_team_subheader":"","about_team_header":"","about_team_image":false,"about_team_description_left":"","about_team_description_right":"","about_history_subheader":"","about_history_header":"","about_history_years":[],"about_locations_subheader":"","about_locations_header":"","about_locations_text":"","about_locations_items":[],"about_csr_subheader":"","about_csr_header":"","about_csr_text":"","about_csr_items":[],"financing_description_subheader":"","financing_description_header":"","financing_description_text":"","financing_description_image":false,"financing_description_video":"","financing_contact_subheader":"","financing_contact_header":"","financing_email":"","financing_phone":"","financing_form":"","insurance_description_subheader":"","insurance_description_header":"","insurance_description_text":"","insurance_description_image":false,"insurance_description_video":"","insurance_contact_subheader":"","insurance_contact_header":"","insurance_email":"","insurance_phone":"","insurance_form":"","insurance_gap_subheader":"","insurance_gap_header":"","insurance_gap_image":false,"insurance_gap_text":"","insurance2_description_subheader":"","insurance2_description_header":"","insurance2_description_text":"","insurance2_description_image":false,"insurance2_description_video":"","insurance2_contact_subheader":"","insurance2_contact_header":"","insurance2_email":"","insurance2_phone_1":"","insurance2_phone_2":"","insurance2_form":"","vinspection_description_subheader":"","vinspection_description_header":"","vinspection_description_text":"","vinspection_description_video":"","vinspection_price_subheader":"","vinspection_price_header":"","vinspection_price_text":"","vinspection_price_box_header":"","vinspection_price_box_price_feature":[],"vinspection_price_box_subheader":"","vinspection_price_box_price_regular":"","vinspection_price_box_price_promo":"","vinspection_price_box_price_vat":"","vinspection_price_box_price_button":"","settlement_description_subheader":"","settlement_description_header":"","settlement_description_text":"","settlement_description_image":false,"settlement_description_video":"","settlement_contact_subheader":"","settlement_contact_header":"","settlement_email":"","settlement_phone":"","settlement_form":"","buyback_description_subheader":"","buyback_description_header":"","buyback_description_text":"","buyback_description_image":false,"buyback_description_video":"","buyback_contact_subheader":"","buyback_contact_header":"","buyback_email":"","buyback_phone":"","buyback_form":"","transport_description_subheader":"","transport_description_header":"","transport_description_text":"","transport_description_image":false,"transport_description_video":"","transport_contact_subheader":"","transport_contact_header":"","transport_email":"","transport_phone":"","transport_form":"","fleet_description_subheader":"","fleet_description_header":"","fleet_description_text":"","fleet_contact_subheader":"","fleet_email":"","fleet_phone":"","fleet_contact_text":"","fleet_form":"","csr_description_subheader":"","csr_description_header":"","csr_description_text":"","csr_description_image":false,"csr_actions_list":[],"skaner360_description_subheader":"","skaner360_description_header":"","skaner360_description_text":"","skaner360_description_video":"","skaner360_middle_subheader":"","skaner360_middle_header":"","skaner360_middle_text_left":"","skaner360_middle_text_right":"","skaner360_last_subheader":"","skaner360_last_header":"","skaner360_last_text":"","skaner360_last_video":"","autodna_description_subheader":"","autodna_description_header":"","autodna_description_text":"","autodna_description_image":false,"autodna_description_video":"","autodna_middle_subheader":"","autodna_middle_header":"","autodna_middle_text_left":"","autodna_middle_image":false,"autodna_middle_quote":"","autodna_middle_text_right":"","autodna_last_subheader":"","autodna_last_header":"","autodna_last_text":"","autodna_last_image":false,"autotesto_description_subheader":"Zaufaj sprawdzonym raportom","autotesto_description_header":"Zanim kupisz, sprawd\u017a dok\u0142adnie stan techniczny swojego pojazdu!","autotesto_description_text":"<p>Czy wiesz, na co naprawd\u0119 patrzysz przy wyborze swojego przysz\u0142ego samochodu? Na Poleasingowe.pl mo\u017cesz zleci\u0107 aukcj\u0119 z pojazdem, kt\u00f3ry firma autotesto ma rzetelnie sprawdzi\u0107 pod wzgl\u0119dem stanu technicznego.<\/p>\n","autotesto_description_image":{"width":150,"height":150,"file":"2024\/10\/autotesto-hero.png","filesize":319991,"sizes":{"medium":{"file":"autotesto-hero-510x319.png","width":510,"height":319,"mime-type":"image\/png","filesize":258589,"url":"https:\/\/poleasingowe.pl\/blog\/wp-content\/uploads\/2024\/10\/autotesto-hero-510x319.png"},"large":{"file":"autotesto-hero-900x563.png","width":900,"height":563,"mime-type":"image\/png","filesize":774925,"url":"https:\/\/poleasingowe.pl\/blog\/wp-content\/uploads\/2024\/10\/autotesto-hero-900x563.png"},"thumbnail":{"file":"autotesto-hero-150x150.png","width":150,"height":150,"mime-type":"image\/png","filesize":43561,"url":"https:\/\/poleasingowe.pl\/blog\/wp-content\/uploads\/2024\/10\/autotesto-hero-150x150.png"},"medium_large":{"file":"autotesto-hero-768x480.png","width":768,"height":480,"mime-type":"image\/png","filesize":567199,"url":"https:\/\/poleasingowe.pl\/blog\/wp-content\/uploads\/2024\/10\/autotesto-hero-768x480.png"}},"image_meta":{"aperture":"0","credit":"","camera":"","caption":"","created_timestamp":"0","copyright":"","focal_length":"0","iso":"0","shutter_speed":"0","title":"","orientation":"0","keywords":[]},"ID":"1034","name":"autotesto-hero.png","path":"\/var\/www\/html\/wordpress\/blog\/wp-content\/uploads\/2024\/10\/autotesto-hero.png","url":"https:\/\/poleasingowe.pl\/blog\/wp-content\/uploads\/2024\/10\/autotesto-hero-150x150.png","full_url":"https:\/\/poleasingowe.pl\/blog\/wp-content\/uploads\/2024\/10\/autotesto-hero.png","title":"autotesto-hero","caption":"","description":"","alt":"","srcset":false},"autotesto_package_features":[{"autotesto_package_question":"200 punkt\u00f3w kontrolnych podczas test\u00f3w samochodu","autotesto_package_answer":"200 punkt\u00f3w kontrolnych podczas test\u00f3w samochodu."},{"autotesto_package_question":"Wliczony w cen\u0119 dojazd do samochodu","autotesto_package_answer":"W ramach ogl\u0119dzin skontaktujemy si\u0119 ze sprzedaj\u0105cym. Przeprowadzimy rozmow\u0119 na temat samochodu. Po pozytywnym przebiegu rozmowy um\u00f3wimy si\u0119 na pierwszy dost\u0119pny termin wy\u015blemy na miejsce naszego Eksperta."},{"autotesto_package_question":"W ramach ogl\u0119dzin skontaktujemy si\u0119 ze sprzedaj\u0105cym. Przeprowadzimy rozmow\u0119 na temat samochodu. Po pozytywnym przebiegu rozmowy um\u00f3wimy si\u0119 na pierwszy dost\u0119pny termin wy\u015blemy na miejsce naszego Eksperta.","autotesto_package_answer":"Inspekcja samochodu wyka\u017ce czy auto by\u0142o powt\u00f3rnie malowane oraz czy kt\u00f3ry\u015b z element\u00f3w nadwozia by\u0142 naprawiany przy u\u017cyciu szpachli Otrzymasz informacj\u0119, czy poszczeg\u00f3lne elementy nadwozia s\u0105 prawid\u0142owo spasowane, a szczeliny pomi\u0119dzy nimi s\u0105 jednakowej wielko\u015bci. Wszystkie pomiary zostan\u0105 opisane przez naszego eksperta w komentarzu podsumowuj\u0105cym sprawdzenie karoserii. Otrzymasz informacj\u0119 czy o\u015bwietlenie jest w pe\u0142ni sprawne i spe\u0142nia normy. Ogl\u0119dziny samochodu przed kupnem, to przede wszystkim ocena bezpiecze\u0144stwa samochodu. Opona jest jednym z wa\u017cniejszych element\u00f3w pojazdu. Jest przecie\u017c jedynym elementem \u0142\u0105cz\u0105cym pojazd z nawierzchni\u0105, a jej styk nie jest wi\u0119kszy od kartki rozmiaru A5. Sprawdzimy dla Ciebie jej stan. Czy nie jest zniszczona, czy nadaje si\u0119 na dany sezon, czy ma odpowiedni przebieg oraz czy jej wiek nie wyklucza jej z dalszego u\u017cytku."},{"autotesto_package_question":"Czytelny raport z rekomendacj\u0105 zakupu + minimum 70 wysokiej jako\u015bci zdj\u0119\u0107","autotesto_package_answer":"Nasza procedura szczeg\u00f3\u0142owo okre\u015bla jakie zdj\u0119cia auta maj\u0105 zosta\u0107 wykonane. Wszystkie powy\u017csze punkty, kt\u00f3re sprawdzimy, dodatkowo sfotografujemy. Nasz Ekspert uwieczni na zdj\u0119ciach wszystkie elementy, kt\u00f3re nale\u017cy sprawdzi\u0107. Obszerna fotorelacja z ogl\u0119dzin pozwoli Ci na wnikliwe obejrzenie i sprawdzenie samochodu bez wychodzenia z domu."},{"autotesto_package_question":"Ogl\u0119dziny wn\u0119trza pojazdu + ocena sprawno\u015bci elektroniki i klimatyzacji","autotesto_package_answer":"Wszystkie funkcje zostan\u0105 dok\u0142adnie sprawdzone podczas inspekcji samochodu. Ka\u017cdy w\u0142\u0105cznik zostanie kilkakrotnie w\u0142\u0105czony celem zweryfikowania jego poprawnego dzia\u0142ania. Ka\u017cda funkcja znajduj\u0105ca si\u0119 w aucie zostanie sprawdzona, a jej stan odnotowany w raporcie. Wszystkie spostrze\u017cenia Eksperta, zar\u00f3wno te pozytywne jak i negatywne zostan\u0105 zawarte w komentarzu."},{"autotesto_package_question":"Ogl\u0119dziny komory silnika","autotesto_package_answer":"Ekspert sprawdzi stan p\u0142yn\u00f3w eksploatacyjnych. Odnotuje ich wymian\u0119 na podstawie zawieszek lub informacji uzyskanej od sprzedaj\u0105cego. Oceni organoleptycznie kolor, zapach, konsystencj\u0119 oleju i p\u0142ynu ch\u0142odniczego. Oceni stan element\u00f3w konstrukcyjnych. Wszystkie spostrze\u017cenia na temat stanu komory silnika oraz niepokoj\u0105cych d\u017awi\u0119k\u00f3w (je\u017celi takie us\u0142yszy) zostan\u0105 skrupulatnie zanotowane."}],"warranty_description_video":""},"_links":{"self":[{"href":"https:\/\/poleasingowe.pl\/blog\/wp-json\/wp\/v2\/pages\/1027"}],"collection":[{"href":"https:\/\/poleasingowe.pl\/blog\/wp-json\/wp\/v2\/pages"}],"about":[{"href":"https:\/\/poleasingowe.pl\/blog\/wp-json\/wp\/v2\/types\/page"}],"author":[{"embeddable":true,"href":"https:\/\/poleasingowe.pl\/blog\/wp-json\/wp\/v2\/users\/1"}],"replies":[{"embeddable":true,"href":"https:\/\/poleasingowe.pl\/blog\/wp-json\/wp\/v2\/comments?post=1027"}],"version-history":[{"count":1,"href":"https:\/\/poleasingowe.pl\/blog\/wp-json\/wp\/v2\/pages\/1027\/revisions"}],"predecessor-version":[{"id":1035,"href":"https:\/\/poleasingowe.pl\/blog\/wp-json\/wp\/v2\/pages\/1027\/revisions\/1035"}],"wp:attachment":[{"href":"https:\/\/poleasingowe.pl\/blog\/wp-json\/wp\/v2\/media?parent=1027"}],"curies":[{"name":"wp","href":"https:\/\/api.w.org\/{rel}","templated":true}]}}